 9) in base 3?
11
0 (base 4) to base 3
0
Convert -110 (base 5) to base 12.
-26
232 (base 6) to base 4
1130
224 (base 6) to base 15
5d
Convert 44 (base 7) to base 13.
26
-8 (base 14) to base 5
-13
What is 4 (base 15) in base 9?
4
What is 9 (base 11) in base 5?
14
Convert 3 (base 16) to base 13.
3
Convert -3 (base 16) to base 15.
-3
14 (base 10) to base 2
1110
12 (base 14) to base 7
22
What is -382 (base 9) in base 12?
-225
Convert -31 (base 6) to base 12.
-17
Convert 170 (base 8) to base 5.
440
Convert 2 (base 14) to base 4.
2
-2 (base 9) to base 3
-2
What is -166 (base 15) in base 7?
-636
100100 (base 2) to base 16
24
What is -5 (base 10) in base 16?
-5
-50 (base 7) to base 9
-38
28 (base 16) to base 5
130
Convert 10 (base 9) to base 14.
9
-34 (base 7) to base 15
-1a
360 (base 9) to base 8
451
38 (base 12) to base 8
54
b (base 15) to base 11
10
What is 1010 (base 2) in base 5?
20
What is -37 (base 9) in base 5?
-114
-21 (base 4) to base 7
-12
Convert 1 (base 2) to base 5.
1
-101 (base 2) to base 15
-5
Convert 132 (base 12) to base 3.
20202
What is 5 (base 12) in base 6?
5
What is -211 (base 4) in base 16?
-25
Convert 3 (base 14) to base 4.
3
7 (base 8) to base 13
7
What is 9 (base 11) in base 5?
14
What is -1010011 (base 2) in base 14?
-5d
Convert 2 (base 3) to base 12.
2
What is -143 (base 6) in base 5?
-223
-5 (base 15) to base 2
-101
Convert -3 (base 12) to base 11.
-3
-3 (base 4) to base 12
-3
Convert -57 (base 15) to base 4.
-1102
Convert 63 (base 8) to base 9.
56
-144 (base 10) to base 14
-a4
Convert -2 (base 10) to base 3.
-2
Convert 2120 (base 3) to base 15.
49
What is -13 (base 7) in base 15?
-a
-5 (base 6) to base 13
-5
7 (base 11) to base 5
12
-6 (base 10) to base 8
-6
Convert 24 (base 5) to base 6.
22
Convert 3 (base 16) to base 8.
3
Convert 1 (base 4) to base 13.
1
1 (base 14) to base 7
1
What is 5 (base 14) in base 3?
12
What is 55 (base 7) in base 3?
1111
What is -17 (base 12) in base 7?
-25
What is 2 (base 11) in base 12?
2
Convert 111 (base 10) to base 2.
1101111
What is -42 (base 11) in base 15?
-31
Convert 26 (base 10) to base 15.
1b
Convert 1b (base 16) to base 7.
36
Convert -22 (base 12) to base 16.
-1a
-2 (base 4) to base 7
-2
Convert -36 (base 8) to base 7.
-42
27 (base 15) to base 11
34
What is 4 (base 7) in base 2?
100
20 (base 12) to base 14
1a
24 (base 8) to base 13
17
What is -19 (base 10) in base 15?
-14
Convert -27 (base 8) to base 16.
-17
-1110 (base 2) to base 4
-32
10d (base 14) to base 5
1314
What is b (base 13) in base 3?
102
What is -13 (base 4) in base 16?
-7
Convert -4 (base 6) to base 4.
-10
What is 2 (base 8) in base 9?
2
-21 (base 3) to base 4
-13
Convert 17 (base 12) to base 8.
23
11 (base 2) to base 15
3
What is 64 (base 9) in base 8?
72
What is -274 (base 8) in base 2?
-10111100
-c (base 16) to base 3
-110
Convert -106 (base 9) to base 7.
-153
What is -72 (base 8) in base 12?
-4a
Convert -10 (base 3) to base 16.
-3
-246 (base 7) to base 11
-110
-150 (base 6) to base 2
-1000010
What is 6 (base 16) in base 8?
6
-1 (base 3) to base 2
-1
What is -2 (base 4) in base 9?
-2
40 (base 13) to base 14
3a
10 (base 2) to base 8
2
57 (base 10) to base 4
321
4 (base 14) to base 12
4
-2 (base 10) to base 14
-2
-10 (base 2) to base 4
-2
What is 1444 (base 5) in base 13?
162
10 (base 16) to base 12
14
What is a6 (base 13) in base 8?
210
-1 (base 2) to base 4
-1
Convert 1321 (base 4) to base 5.
441
Convert -24 (base 5) to base 12.
-12
Convert -96 (base 10) to base 5.
-341
What is -4 (base 10) in base 15?
-4
Convert -27 (base 11) to base 2.
-11101
Convert 102 (base 5) to base 9.
30
What is 7 (base 14) in base 12?
7
13 (base 4) to base 10
7
Convert 163 (base 9) to base 11.
116
What is 4 (base 15) in base 5?
4
Convert -11 (base 11) to base 16.
-c
What is 2 (base 14) in base 10?
2
6 (base 8) to base 4
12
What is -2 (base 15) in base 3?
-2
-33 (base 4) to base 11
-14
What is -10 (base 4) in base 10?
-4
10 (base 12) to base 15
c
Convert -3 (base 7) to base 9.
-3
-2 (base 3) to base 7
-2
What is 101000 (base 2) in base 3?
1111
5 (base 11) to base 2
101
What is b7 (base 15) in base 16?
ac
Convert 1 (base 16) to base 6.
1
Convert -72 (base 8) to base 2.
-111010
Convert -38 (base 16) to base 6.
-132
Convert 3 (base 8) to base 13.
3
aa (base 16) to base 13
101
23 (base 7) to base 14
13
-16 (base 8) to base 2
-1110
What is 16 (base 11) in base 9?
18
0 (base 3) to base 12
0
What is 0 (base 5) in base 15?
0
0 (base 7) to base 5
0
What is 2 (base 16) in base 11?
2
Convert -58 (base 16) to base 3.
-10021
Convert -a (base 12) to base 5.
-20
What is e (base 15) in base 7?
20
Convert -6 (base 16) to base 12.
-6
What is -10000 (base 3) in base 15?
-56
-20 (base 5) to base 14
-a
Convert 1 (base 6) to base 10.
1
Convert -222 (base 8) to base 16.
-92
-20 (base 10) to base 6
-32
What is 3 (base 15) in base 4?
3
-1010 (base 3) to base 10
-30
0 (base 4) to base 11
0
-21 (base 3) to base 7
-10
-1 (base 14) to base 5
-1
Convert 211 (base 3) to base 9.
24
What is 4 (base 8) in base 11?
4
Convert 41 (base 9) to base 10.
37
What is 0 (base 7) in base 6?
0
Convert -8 (base 9) to base 4.
-20
-1 (base 7) to base 13
-1
What is -1 (base 6) in base 14?
-1
What is 110 (base 2) in base 4?
12
What is 15 (base 6) in base 4?
23
What is 10 (base 4) in base 2?
100
Convert 340 (base 6) to base 11.
110
-12 (base 12) to base 7
-20
-23 (base 7) to base 4
-101
152 (base 6) to base 12
58
45 (base 13) to base 9
63
What is -130 (base 6) in base 15?
-39
What is -138 (base 15) in base 2?
-100010110
Convert -81 (base 15) to base 2.
-1111001
What is 21 (base 3) in base 16?
7
What is -3 (base 8) in base 13?
-3
Convert -2 (base 13) to base 16.
-2
Convert -10 (base 3) to base 16.
-3
What is -21121 (base 3) in base 7?
-412
-16 (base 12) to base 4
-102
10202 (base 3) to base 7
203
28 (base 12) to base 11
2a
What is -3 (base 6) in base 13?
-3
Convert -11022 (base 3) to base 6.
-312
Convert f (base 16) to base 10.
15
What is 38 (base 11) in base 16?
29
-365 (base 8) to base 5
-1440
What is 11 (base 7) in base 15?
8
-84 (base 11) to base 6
-232
Convert -1000 (base 2) to base 6.
-12
Convert -11 (base 2) to base 14.
-3
10 (base 12) to base 4
30
121 (base 3) to base 7
22
What is -2d (base 16) in base 12?
-39
What is 121 (base 4) in base 10?
25
-1 (base 8) to base 12
-1
What is -100 (base 2) in base 15?
-4
What is -3 (base 13) in base 14?
-3
3 (base 15) to base 12
3
5 (base 8) to base 13
5
c6 (base 15) to base 6
510
21 (base 4) to base 13
9
Convert 0 (base 12) to base 16.
0
Convert -ee (base 15) to base 16.
-e0
What is 10 (base 6) in base 11?
6
-1 (base 11) to base 3
-1
243 (base 5) to base 15
4d
What is 133 (base 5) in base 10?
43
Convert 8 (base 11) to base 15.
8
What is 5 (base 16) in base 7?
5
What is -3f (base 16) in base 5?
-223
13 (base 4) to base 14
7
Convert -352 (base 6) to base 16.
-8c
What is -aa (base 16) in base 13?
-101
What is 2 (base 5) in base 2?
10
Convert 1001 (base 2) to base 15.
9
Convert 122 (base 5) to base 6.
101
a (base 16) to base 11
a
What is 33 (base 13) in base 2?
101010
Convert 1 (base 13) to base 12.
1
What is -11 (base 6) in base 10?
-7
Convert 133 (base 5) to base 9.
47
9b (base 16) to base 3
12202
What is -101111 (base 2) in base 14?
-35
12 (base 6) to base 2
1000
Convert b (base 15) to base 6.
15
What is -111 (base 8) in base 4?
-1021
What is -20 (base 3) in base 12?
-6
What is -5 (base 15) in base 6?
-5
Convert -53 (base 16) to base 8.
-123
-10122 (base 3) to base 5
-343
What is -21 (base 6) in base 11?
-12
-34 (base 7) to base 8
-31
2 (base 6) to base 3
2
2b (base 13) to base 16
25
Convert 0 (base 8) to base 12.
0
-75 (base 12) to base 16
-59
Convert 102001 (base 3) to base 8.
452
What is -101 (base 2) in base 5?
-10
Convert -2 (base 13) to base 15.
-2
Convert 111 (base 2) to base 6.
11
1201 (base 3) to base 2
101110
What is -9 (base 15) in base 5?
-14
What is 110 (base 2) in base 11?
6
Convert -3 (base 10) to base 11.
-3
What is 3 (base 6) in base 11?
3
Convert -16 (base 14) to base 2.
-10100
Convert -1101 (base 3) to base 11.
-34
Convert c (base 13) to base 8.
14
Convert 8 (base 13) to base 2.
1000
What is 12 (base 12) in base 7?
20
-32 (base 6) to base 2
-10100
13 (base 5) to base 7
11
13 (base 4) to base 11
7
What is -111 (base 3) in base 